d 4544.
568
Calculate the highest common factor of 234 and 2527512.
78
Calculate the highest common divisor of 2919 and 58325651.
139
Calculate the greatest common divisor of 187131 and 15142335.
3819
Calculate the greatest common factor of 3948 and 24956812.
188
What is the highest common divisor of 6648 and 25943266?
554
What is the greatest common factor of 6 and 112791?
3
Calculate the greatest common divisor of 573598 and 6018.
118
Calculate the greatest common factor of 7140 and 2432241.
357
Calculate the highest common factor of 37343 and 7947428.
349
Calculate the greatest common factor of 75 and 646575.
75
What is the greatest common factor of 855 and 59304645?
45
Calculate the greatest common factor of 18986 and 69365351.
9493
What is the greatest common divisor of 311577537 and 29?
29
Calculate the highest common factor of 176523057 and 162.
81
Calculate the highest common factor of 4602366 and 36.
18
What is the highest common divisor of 8538199 and 17?
17
Calculate the highest common divisor of 45600023 and 7.
7
What is the greatest common divisor of 1544 and 724440168?
1544
Calculate the greatest common factor of 21110 and 34396634.
4222
Calculate the highest common factor of 2170398 and 3015.
201
What is the highest common divisor of 120694 and 7610974?
518
Calculate the greatest common factor of 418 and 7381.
11
Calculate the greatest common divisor of 8021203 and 1604.
401
Calculate the greatest common divisor of 6229412 and 782.
782
What is the greatest common divisor of 6576 and 1514809?
137
Calculate the highest common divisor of 1957445 and 455.
35
Calculate the highest common factor of 589558 and 93.
31
Calculate the greatest common factor of 54 and 47629.
1
What is the highest common factor of 32271875 and 11500?
2875
What is the highest common divisor of 1646400 and 26656?
1568
What is the greatest common factor of 12107136 and 192?
192
What is the highest common factor of 281465 and 1008805?
205
What is the highest common factor of 129176 and 4271966?
482
Calculate the greatest common divisor of 42539800 and 334825.
5675
What is the greatest common factor of 10971433 and 10648?
1331
What is the greatest common divisor of 91048 and 415706?
1198
What is the greatest common factor of 927 and 18875059?
103
Calculate the highest common divisor of 39852 and 509589.
369
What is the greatest common factor of 44814 and 4873?
11
What is the greatest common factor of 2952 and 31488066?
18
Calculate the greatest common divisor of 720 and 143068.
4
Calculate the greatest common divisor of 2280139 and 59820.
997
What is the highest common divisor of 39484254 and 45066?
6438
What is the highest common divisor of 2188784 and 17442?
34
Calculate the greatest common divisor of 227756 and 1405142.
194
Calculate the highest common divisor of 3167046 and 42816.
1338
Calculate the highest common divisor of 1100 and 634745980.
220
Calculate the greatest common factor of 221 and 29201172.
221
What is the highest common divisor of 3362 and 51932814?
3362
Calculate the highest common factor of 9065664 and 628.
4
What is the greatest common factor of 40754 and 411729?
71
Calculate the highest common divisor of 147 and 698313.
21
Calculate the highest common divisor of 66 and 4954983.
33
What is the greatest common factor of 495339543 and 10026?
5013
What is the greatest common factor of 86429917 and 95?
19
What is the highest common divisor of 24521 and 163201267?
3503
What is the greatest common divisor of 80 and 83486460?
20
Calculate the greatest common divisor of 874 and 2276333.
437
Calculate the greatest common divisor of 45995 and 26161956.
9199
Calculate the greatest common divisor of 649539 and 352.
11
What is the greatest common factor of 54438290 and 730?
730
What is the highest common divisor of 292764 and 117924?
372
Calculate the highest common divisor of 3740640 and 3324.
12
Calculate the highest common divisor of 812976 and 213.
3
What is the highest common factor of 198 and 13574583?
99
What is the highest common divisor of 63 and 8504658?
9
What is the highest common factor of 153288785 and 59?
59
What is the highest common factor of 6 and 14194110?
6
What is the highest common divisor of 14725737 and 195?
39
What is the greatest common factor of 84700 and 573356?
28
What is the greatest common divisor of 442084 and 204689?
79
Calculate the highest common factor of 6020 and 171843308.
1204
What is the greatest common factor of 1382 and 6265297?
691
Calculate the greatest common divisor of 194195 and 15.
5
Calculate the greatest common factor of 13082 and 3345055.
31
What is the highest common divisor of 810 and 36479565?
405
What is the highest common factor of 442547 and 1643173?
1337
Calculate the greatest common divisor of 7198 and 212158.
122
What is the greatest common factor of 40 and 118101690?
10
Calculate the highest common factor of 8475 and 14675.
25
Calculate the greatest common factor of 1011780 and 30690.
990
Calculate the greatest common divisor of 488 and 741279808.
488
Calculate the highest common divisor of 108308 and 110.
2
Calculate the highest common divisor of 6206 and 382953.
107
What is the highest common factor of 8712 and 182136?
24
Calculate the highest common factor of 105173397 and 1134.
567
Calculate the greatest common divisor of 10222 and 1425.
19
What is the greatest common divisor of 12811926 and 82?
82
Calculate the greatest common divisor of 52496 and 10205840.
3088
What is the highest common divisor of 1072043337 and 3?
3
Calculate the greatest common factor of 15266 and 197268.
34
Calculate the greatest common divisor of 1588 and 44506082.
794
What is the highest common factor of 30605024 and 4592?
656
What is the highest common divisor of 41846546 and 112?
14
Calculate the highest common divisor of 777491 and 62647.
13
Calculate the greatest common divisor of 6502258 and 14.
14
What is the greatest common divisor of 4231 and 41248019?
4231
Calculate the greatest common factor of 939579 and 27.
3
Calculate the greatest common factor of 469557 and 708696.
459
Calculate the highest common factor of 770014 and 952.
14
Calculate the greatest common divisor of 1820385020 and 6540.
2180
What is the greatest common factor of 2520 and 2160396?
252
What is the greatest common factor of 10112 and 4564936?
632
What is the greatest common divisor of 135 and 176143185?
45
What is the greatest common divisor of 39802396 and 674?
674
What is the highest common divisor of 4732197 and 133285?
1159
What is the greatest common factor of 275625 and 761775?
525
Calculate the greatest common divisor of 5091 and 3285392.
1697
Calculate the highest common factor of 485355 and 3045510.
3705
What is the greatest common factor of 4364592 and 1016?
8
Calculate the highest common divisor of 216444 and 174.
6
What is the highest common divisor of 100352 and 71488?
64
What is the greatest common divisor of 124568 and 1334?
46
Calculate the greatest common factor of 139599006 and 138.
138
What is the highest common divisor of 28744903 and 5555?
1111
What is the greatest common divisor of 329 and 59559199?
329
Calculate the highest common divisor of 1117 and 431163117.
1117
What is the highest common factor of 32739945 and 7980?
1995
What is the highest common divisor of 10517556 and 114246?
3462
What is the highest common divisor of 30489 and 90?
3
Calculate the highest common divisor of 30890 and 38330.
10
Calculate the greatest common divisor of 880 and 14480.
80
What is the greatest common factor of 1486 and 353989719?
743
Calculate the greatest common divisor of 32088 and 198184.
56
What is the greatest common divisor of 75850 and 93070?
410
What is the highest common divisor of 63892769 and 1453?
1453
Calculate the greatest common divisor of 3492 and 102906.
18
What is the highest common divisor of 27510549 and 1353?
1353
Calculate the highest common factor of 3943785 and 45.
15
What is the highest common factor of 402 and 170706?
6
Calculate the highest common factor of 44 and 14889182.
22
What is the highest common divisor of 36 and 66160404?
36
What is the highest common factor of 88324 and 2177996?
284
Calculate the greatest common factor of 21244 and 5592596.
452
Calculate the greatest common factor of 3750